+ -10 - (-1 - 4)?
-6
Calculate 16 - 8 - 5 - 1.
2
Evaluate -3 - (-3 + -2 - -3).
-1
Calculate 1 + (-1 - (-8 + 4)).
4
2 + 4 + -5 + -3 + -2
-4
8 + -9 + -6 + -1 + 4
-4
What is the value of (-19 - -26) + (0 - 4)?
3
(-6 - (-9 + -6)) + -16
-7
Evaluate 9 + 3 + -6 + 1.
7
What is 0 - (-4 + -1) - 1?
4
Evaluate 0 + (4 - -3) + -2.
5
What is 7 + -1 + 4 + -8?
2
What is the value of 0 + 2 - -2 - (-1 + 2)?
3
Calculate 1 + 4 + -6 + 3.
2
Evaluate -3 + -7 + 9 + 3 + 0.
2
Calculate -8 + (-13 - -10) - -14.
3
2 + (-6 + 1 - -4) + -2
-1
(-2 - -2 - (7 + -5)) + 5
3
Evaluate -17 + 13 + 0 + 5.
1
0 - (-1 + 4) - (2 - 8)
3
What is the value of (5 - -2) + 10 + -10 - 6?
1
Calculate (-14 - -7) + (8 - 5).
-4
3 + 1 + (-13 - -6 - -3)
0
6 + -10 + -4 + 4 - -4
0
What is the value of 12 + 3 + (-1 - 7)?
7
Evaluate -7 + 2 + -1 + 4.
-2
Calculate 4 + -4 + 1 + -3 - -5.
3
What is the value of 10 + (2 - -2) + -5 - 4?
5
Calculate 8 + -6 + 4 + (5 - 13).
-2
Calculate 0 + 8 - (-1 + 3) - 0.
6
What is 40 + -37 + -4 + -1 + 0?
-2
What is (9 + -15 - 12) + 10?
-8
What is the value of 7 - -2 - (-22 + 27) - 5?
-1
What is (-7 - -31) + -13 + (0 - 1)?
10
-6 + (-1 - 3) + 5
-5
Calculate (-2 - (1 + -5 - 0)) + 2.
4
What is the value of 3 - -2 - 7 - 2?
-4
Calculate (5 - -5) + -8 - -6.
8
0 + 3 - (-17 + 15)
5
Calculate 0 + 2 + -2 + -4 + 3.
-1
Evaluate 0 + -12 + -54 + 61 - -2.
-3
Calculate -2 + -4 + 9 + -4.
-1
Calculate -1 - (-5 - -2) - (-1 + 3).
0
-3 - (4 - 4) - -4
1
What is the value of 0 + (0 - (-4 + 1)) + 3?
6
What is the value of 0 - (0 - (-1 - -1) - 3)?
3
Evaluate 11 + 3 + (-3 - (5 + -3)).
9
(3 - -1) + (-6 - -1) + -2
-3
What is the value of 1 + -9 - (-39 + 37)?
-6
What is the value of -1 - (-1 - -1) - (7 - 4)?
-4
What is the value of -4 + 1 + (-5 - -8)?
0
Evaluate -17 + (4 - (0 - 0)) + 6.
-7
What is 6 - ((-8 - -4 - -3) + 0)?
7
What is the value of 1 + -1 - (0 + -5 + 5)?
0
What is 6 - (-5 + 6) - 1 - 5?
-1
What is the value of -7 - (-4 + 3 + 1 + -3)?
-4
Evaluate 26 + -23 - (0 + 3).
0
-4 + (-2 + -7 - -5)
-8
Evaluate -2 + (-4 - -8 - (4 + 1)).
-3
0 - -7 - 3 - 5
-1
-4 + 1 - (-4 - -4)
-3
What is -2 + 11 + -2 + -5?
2
(3 - (-2 + 0)) + -3 + 3
5
3 + -8 + 3 - (1 + -3)
0
(-3 - -1) + (7 - 5)
0
Evaluate 15 + -20 + (0 - -6).
1
Evaluate 3 - (-7 + 3 + 4 + 1).
2
0 - (-2 - -1 - 2) - 0
3
What is the value of 1 - 5 - (-9 - (-10 - -6))?
1
What is the value of (-4 - -9 - 8) + -3?
-6
What is (13 - 20) + -6 - -11?
-2
Calculate 94 - 78 - (0 - -9).
7
(-3 + -4 - -6 - 4) + 4
-1
Evaluate 8 - 10 - -2 - 2.
-2
Calculate 3 - (4 + (5 - 3) + 0).
-3
Calculate 2 + -8 - -11 - (2 + 7).
-4
What is -6 + (-4 - -4) + (3 - -9)?
6
(2 - 4) + (-1 - -3) + 4
4
-6 + 5 + -2 - (-3 + 2)
-2
What is the value of -2 - (-2 + 4 + -4 - -1)?
-1
(-2 - 13) + 9 + 3
-3
What is the value of -8 + -3 - (19 - 31)?
1
Calculate 0 + 1 - 6 - (312 + -317).
0
1 - (1 + 1 - 5)
4
What is the value of -4 + (17 - -1) + (-8 - -2)?
8
What is (6 + -4 - 4) + -2?
-4
Evaluate (8 - 3) + 0 + -3.
2
What is 2 - 8 - -4 - -10?
8
-13 + 15 + 1 - (-1 + 4)
0
What is (7 - (-9 + 11)) + 0?
5
What is the value of -11 - (-4 + -1) - -2?
-4
Evaluate 4 - -3 - (-8 + 4 - -3).
8
9 + (-12 - -8) - 10
-5
Calculate (-7 - -12) + -8 + 2.
-1
(6 - 11 - (-1 + -1)) + 7
4
What is -2 + 1 - -1 - 4 - -3?
-1
What is the value of -3 - ((-8 - -3) + 0) - -2?
4
Calculate -2 + -10 - (-26 + 21).
-7
8 + (-7 - 6) - (2 - 1)
-6
What is (-8 - ((1 - 10) + 5)) + 0?
-4
Evaluate (-3 + 10 - 2) + -1.
4
Evaluate (-2 - 3 - -8) + -4 - -4.
3
What is the value of (30 - 12) + -7 - 10?
1
What is 0 - 4 - (4 + 3 + -7)?
-4
Evaluate 7 - ((9 - 12) + 3).
7
(1 - -1) + -2 - 0 - 0
0
What is 6 + 2 + (10 - 3 - 18)?
-3
Calculate (2 - (1 + 4 + -1)) + 2.
0
What is 9 - (5 + -5 + 5)?
4
Evaluate -6 + (6 - 2) + (-1 - 2).
-5
Calculate -1 - 0 - (68 - 75).
6
What is -6 - (-6 + -6) - 11?
-5
Calculate (2 - 4) + -1 - (10 - 20).
7
Evaluate (-4 - (-9 - -5)) + -12 - -6.
-6
What is 0 - (6 - (3 - 0))?
-3
Calculate 18 - 21 - (-5 + 4 + -5).
3
Evaluate -1 + (6 - 1) + -8.
-4
Calculate 37 - 34 - (1 - -6).
-4
5 + -3 - 6 - -4
0
Evaluate 4 - (-6 - -9) - -4.
5
(1 - -5) + -2 - (1 - 2)
5
Calculate -3 + (-1 - -1) + 19 + -23.
-7
What is the value of (14 - 14) + (2 - (-1 - -4))?
-1
What is 10 - (25 + 6 + -14)?
-7
Evaluate 10 - (-2 + 7) - 4.
1
What is the value of (-1 - -5) + -2 + -26 + 27?
3
What is the value of (-5 - -5) + 0 - 5?
-5
Evaluate 0 + (3 - 0 - (-3 - -2)).
4
(-6 - -10) + -6 - (1 - 3)
0
What is the value of -54 + 52 - (-1 + -2)?
1
Calculate -2 - ((1 - 4) + (4 - 0)).
-3
-6 - (-5 + (-3 - 0))
2
Evaluate -1 - 0 - (-1 + 2).
-2
What is -3 - (-5 + 2 + 2 + -1)?
-1
What is the value of 1 - 3 - (-36 + 30)?
4
Calculate (0 - -2 - 0) + -3 - 1.
-2
Calculate (7 + -7 + 7 - 6) + 6.
7
22 - 19 - (-4 - -13)
-6
2 - -1 - (5 - (1 - -4))
3
What is the value of (1 - 0 - (-31 + 30)) + -7?
-5
Evaluate -1 - (20 + -17 - (4 + -4)).
-4
0 + -10 + 0 + 2 + 2
-6
1 + 11 + -15 + 9 + -5
1
What is the value of -4 + -1 - (-16 - -13)?
-2
-9 + -5 + 8 + 1 + 1
-4
Evaluate 18 + -6 + (-4 - -1) - 7.
2
What is -4 + -1 + 2 + 2?
-1
Calculate (-3 + 1 - 5) + 5.
-2
(0 - (-4 - -2)) + 1
3
Calculate 6 + -5 - ((0 - -5) + 1).
-5
Calculate (15 - 2 - 18) + -3.
-8
What is (-15 - -5) + 7 + -1?
-4
Calculate -8 - -8 - (3 - (-3 - -11)).
5
Calculate (-2 - 4) + (-1 - -3) - -9.
5
What is the value of -1 - (-3 + -1) - (4 + -1)?
0
What is the value of (-2 - -3) + 0 - 6?
-5
What is the value of 1 + (7 - (19 + -7))?
-4
0 - 0 - -1 - (5 + -3)
-1
9 + 0 - (-23 + 33)
-1
Evaluate 5 + -1 + 1 + -9.
-4
What is the value of -16 + 3 - (-14 + 3 + 6)?
-8
Evaluate 1 + -1 - 4 - (-286 - -288).
-6
What is the value of (-33 - -42) + (0 - 3)?
6
What is 8 + -1 - 2 - (6 + -7)?
6
What is 3 + 1 - (-5 - -6)?
3
What is the value of 7 + 0 - (2 + (3 - 3))?
5
Evaluate -1 - (4 - ((5 - 3) + 0)).
-3
What is -1 + -2 - (7 - (27 + -17))?
0
Calculate -3 + (-30 - -28 - (-5 + 0)).
0
What is the value of (1 - 7) + -21 + (4 - -13)?
-10
What is 7 + (-4 + -6 - -4)?
1
What is -8 + (2 - -9) + -10?
-7
Evaluate 4 - (0 + -5 + 9).
0
-14 - (-15 + 10 - 3)
-6
What is the value of 0 + 3 + (-5 - 0)?
-2
Evaluate 4 + -1 + -2 + -3 - -1.
-1
What is -1 - (2 - (0 - (-5 - -2)))?
0
-2 - (1 + -1 - (-25 - -26))
-1
Calculate 5 + (-12 - (5 - 12)).
0
What is the value of -2 + (-17 - -16 - (-1 - 4))?
2
What is -1 + -7 - (-82 - -74)?
0
Evaluate 6 - (2 + -2 + 8).
-2
What is the value of 4 + -17 + 8 + (-3 - -2)?
-6
Calculate -4 + -6 + 10 + -3.
-3
Calculate 16 + (-2 - (2 - (-5 - -2))).
9
Evaluate 7 - (10 - ((9 - 4) + -2)).
0
What is (8 - 13 - 2) + 5 + 0?
-2
Evaluate -2 - 1 - (0 - 6).
3
What is the value of -5 + 0 - (15 - 19)?
-1
Calculate -1 + -1 + (10 - 12) + 0.
-4
-9 - -7 - 1 - -1
-2
What is 2 - -6 - 6 - 7 - -1?
-4
Evaluate (4 - 17) + (12 - -10).
9
(9 - 8) + -6 + 8
3
Evaluate -10 + 2 + 7 - -2.
1
Evaluate -6 + (4 - (-3 - -9)).
-8
What is the value of (7 - (6 - 1)) + -7?
-5
Evaluate -4 + 1 + (1 - 0) - 0.
-2
(-3 - 7) + 11 + (-7 - -1)
-5
Calculate (-1 - (4 - 2)) + 0.
-3
What is -6 + 5 - (1 + (-2 - 2))?
2
What is (0 + 3 - 7) + 0 + 1?
-3
(-5 - -4 - -2) + 0
1
-25 + (2 - -7) + 8
-8
Calculate (-42 - -35) + (0 - 3) + 4.
-6
Evaluate 6 - ((2 - 5 - 1) + 8).
2
Evaluate -1 + -2 + (-3 - -6).
0
Evaluate (-4 - -1) + -23 + 23.
-3
What is the value of 1 + -4 + 51 + -53?
-5
What is the value of -1 - (-4 + (-7 - (-3 + -2)))?
5
What is the value of 0 - -6 - (-46 + 59)?
-7
Calculate 9 + -17 - (-4 - 0).
-4
(-7 - -13) + (-4 - 0)
2
Calculate (0 + (-2 - 1) - -3) + -2.
-2
Calculate (8 - (0 - 0)) + 53 + -60.
1
What is -2 + 11 - (7 + 3)?
-1
What is -9 - (-20 - -9 - 3)?
5
What is -6 + (11 - (-3 - -10) - 2)?
-4
What is the value of (1 + -1 - 1) + 26 + -26?
-1
Calculate (1 - -1 - 4) + (1 - -2).
1
What is 1 + (-7 - 1) - (12 + -12)?
-7
What is the value of -16 + 12 - (1 + -10)?
5
Calculate 2 + 2 + -2 + -3 - 2.
-3
Evaluate 2 + (-7 + 4 - 1).
-2
What is 6 - (-6 + 8 + -1 - -13)?
-8
(6 - (1 + -6 + 4)) + -12
-5
Evaluate -7 - (0 + 4 - 8).
-3
What is the value of 4 + (-7 - -9) + 0 + -3?
3
What is -4 + -5 + 1 + 8?
0
Evaluate -5 + 2 - (3 + 6 + -7).
-5
Calculate 0 - (3 + (2 - 3 - 1)).
-1
-1 - (-3 - 11) - (29 + -23)
7
What is 0 + -3 + -3 + 3?
-3
Evaluate 2 + 10 + (-5 - 2).
5
Calculate 5 - 5 - -2 - (6 - 0).
-4
What is 2 + 3 + -5 + 6 + -2?
4
1 + 7 - (3 + 2 - 2)
5
What is the value of -1 - 2 - (2 + 1 - 2)?
-4
1 + -5 + (5 - 6)
-5
Evaluate (-1 - -2 - 2) + (-24 - -22).
-3